y) = -y**2 - 30*y - 44. Let v be d(-14). Let k = 194 - v. What is the highest common divisor of 35 and k?
7
Suppose 3*o - 48 = -2*m, -95 = -6*m + m + 5*o. Let x be ((-3)/6*2)/((-1)/(-20)). Let y be 7 + x/(-40) + (-6)/4. What is the highest common divisor of m and y?
3
Let j be 156/42 + 8/28. Suppose j*l + 0*l = 208. What is the greatest common factor of 12 and l?
4
Let v be (-60)/(-16)*(-27 + 0 - 1). Let s be (-70)/v + (-32)/(-6). Suppose s*d = 276 + 12. Calculate the highest common factor of 384 and d.
48
Let l be (20 - 1)/((-1)/(-30)). Let p be (-2)/15 - (-39976)/l. What is the greatest common factor of 105 and p?
35
Suppose -199*k = 698 - 19802. Calculate the highest common factor of 1032 and k.
24
Suppose -2*d + 10 = -3*q, 5*q - d + 14 = -12. Let r be (51/(-6) - q)*(-2)/5. What is the highest common divisor of r and 1?
1
Let s = 627 - 1101. Let p = -338 - s. What is the highest common divisor of p and 8?
8
Let r(d) = -24*d**3 - d**2 - 3*d - 2. Let v = -112 + 111. Let z be r(v). What is the highest common divisor of z and 60?
12
Suppose -15*c - 14*c + 232 = 0. Let p = -109 - -118. Calculate the greatest common factor of c and p.
1
Suppose -21*q = 10 - 73. Let l(r) = -r**2 + 8*r - 15. Let g be l(4). What is the greatest common divisor of q and g?
1
Let h = -27 + 44. Let c(i) = i**2 - 14*i - 42. Let d be c(h). Calculate the highest common divisor of d and 18.
9
Suppose -2*g = 5*s + 12, g = -g + 3*s - 28. Let l = g - -26. Let v = -592 + 597. Calculate the highest common divisor of l and v.
5
Let p(g) = -7*g + 29. Let h = -501 + 504. Let m be p(h). What is the greatest common factor of m and 56?
8
Suppose 4312 = 35*n + 14*n. Calculate the highest common factor of 121 and n.
11
Let x(o) = 19*o**2 + 198*o + 812. Let w be x(-4). What is the highest common divisor of w and 492?
12
Suppose 4*d + 25*d - 567532 = -71081. Calculate the greatest common factor of 646 and d.
323
Let v(s) = 2*s**3 + s**2 + 12*s + 8. Let u be v(4). Suppose 5*q - 3*g - 600 = 0, -2*q - 5*g = -134 - 106. What is the greatest common factor of q and u?
40
Let s = 63 + -35. Let v = 36 + -40. Let c(u) = -u**3 + 2*u**2 - 2*u + 8. Let b be c(v). Calculate the highest common divisor of s and b.
28
Suppose -5*d - 133 = -43. Let t(b) = b**3 + 19*b**2 + 15*b + 16. Let l be t(d). Let f = l + -42. Calculate the highest common factor of 84 and f.
28
Let x(s) = s**2 + 25*s + 23. Let q be x(8). Suppose 0 = 36*w - 217 - q. Suppose 5*k = 40 + 730. Calculate the highest common factor of w and k.
14
Suppose -783 = -5*q + 157. Let y = q - 137. Calculate the highest common divisor of y and 6.
3
Suppose 0 = -27*m + 32*m - 10. Let c be m/7 + 290*(-8)/(-112). What is the greatest common factor of c and 777?
21
Let p(c) = -5*c**3 - 2*c**2 + c + 3. Let l be p(-1). Suppose 0 = 9*w - l*w - 28. Calculate the highest common divisor of w and 91.
7
Let b be (-1 + 130 - 1) + (-35 - (-1806)/43). What is the greatest common factor of 459 and b?
27
Let w(o) = -19*o - 59. Let k be w(-4). Suppose -6*m - 363 = -k*m. What is the highest common factor of m and 55?
11
Let j(c) = 639*c**2 + 34*c - 8. Let l be j(-2). Calculate the highest common factor of 80 and l.
80
Suppose -171 = -2*t - 3*z, -244*z + 248*z = -5*t + 403. Calculate the greatest common divisor of 9225 and t.
75
Suppose 37131 = 4*k - 3*w, -305*w + 301*w + 9278 = k. Calculate the highest common factor of 119 and k.
119
Suppose 11 = 10*a - 9. Let l be ((-133)/14 + a)*(-186)/5. What is the greatest common factor of l and 9?
9
Suppose -4*d = 5*d - 162. Let z(g) = -18*g + 2. Let o be z(-1). Let c be (-45)/(-2)*o/25. Calculate the highest common factor of d and c.
18
Let t(d) = -72*d + 1. Let z be t(-1). Let c = -623560 + 624509. Calculate the highest common factor of z and c.
73
Let i = -4404 + 4432. Calculate the greatest common factor of i and 4718.
14
Suppose -5*h = 2 - 12. Suppose w = -4*s + 150, -5*w + h*s + 0*s = -706. Let r = w - 16. Calculate the highest common factor of r and 84.
42
Suppose 733*b = 748*b - 540. Calculate the highest common factor of b and 924.
12
Let o be 175 + -189 + (-48)/(-3). Let b = -33 + 39. Calculate the greatest common divisor of b and o.
2
Suppose -178 = 2*x - 24. Let g = -41 - x. Calculate the highest common factor of 18 and g.
18
Let j = 150 - 215. Let q = 428 - 244. Let z = q + j. Calculate the highest common factor of 17 and z.
17
Let c(b) = -b**2 - 14*b + 5. Let a(p) = p**2 + 31*p - 9. Let v(l) = -2*a(l) - 5*c(l). Let k be v(-5). What is the greatest common factor of k and 448?
28
Let u = -1488 + 1508. What is the greatest common divisor of u and 405?
5
Let a(r) = -17*r**2 - 5*r - 9. Let w be a(4). Let j = -206 - w. Calculate the greatest common factor of j and 38.
19
Let a = -2201 - -2212. What is the greatest common factor of 4092 and a?
11
Let h be 3/(-60)*-4 + (-18135)/(-325). Calculate the greatest common factor of h and 2824.
8
Let a = -498 + 533. Let v(m) = -m**2 + 455. Let o be v(0). Calculate the greatest common factor of o and a.
35
Let d = 2866 - 1678. Let w be 1/(3/(d/4)). Suppose 3*t - 57 + 141 = 3*s, -t + 137 = 4*s. What is the highest common factor of s and w?
33
Suppose -376 = -4*y + s, -s + 169 = 2*y - 13. Calculate the greatest common divisor of y and 5177.
31
Suppose 15420 = 62*u - 1444. What is the greatest common divisor of u and 784?
16
Let l(o) = 226*o**2 - 81*o - 257. Let y be l(-3). What is the highest common divisor of 10 and y?
10
Suppose 4*k = -15*k - 38. Let l be (-9 + 185/25)/(k/60). What is the highest common factor of l and 56?
8
Let o(q) = -q + 11. Let w(v) = 2*v - 23. Let x(l) = 13*o(l) + 6*w(l). Let f be x(9). Let n = f - -12. What is the highest common divisor of 20 and n?
4
Suppose -2*r = 3*v - 16, 0*v = 3*r + 3*v - 27. Let a(c) = -c**2 + 17. Let t be a(-4). Calculate the greatest common factor of t and r.
1
Suppose -3*r = 3, 0*r = -4*d - 2*r + 6. Suppose 3*q + 13 = -s + 58, 3*s - d*q - 168 = 0. Calculate the greatest common divisor of s and 24.
6
Let k(b) = 7*b + 4*b - 4*b - 115 + b. Let o be k(15). Suppose -2*i + i = -65. What is the highest common divisor of o and i?
5
Let k be -1 + (253/3)/((-46)/(-138)). What is the highest common factor of 144 and k?
36
Let l = 58 - 52. Suppose -2*j + 1 = k + l, -10 = 2*k. Suppose -d + 5*n + 63 = j, 3*d - 127 = -2*n - 23. Calculate the highest common factor of 304 and d.
38
Let h = -115 + 133. Let a(b) = 5*b**2 + b. Let d(v) = -2*v - 6. Let s be d(-2). Let m be a(s). Calculate the highest common divisor of m and h.
18
Suppose 0 = -3*z + 2*n + 43, 3*z + n - 47 + 1 = 0. Let c = -332 - -872. What is the greatest common factor of c and z?
15
Suppose 4*w = -5*d + 9*w + 225, -3*d = -5*w - 139. Let c = 77 - -1082. Let y be c/3 + 6/9. What is the highest common factor of y and d?
43
Let i be ((-24)/(((-297)/(-6))/11))/((-2)/18). Calculate the highest common factor of 1312 and i.
16
Suppose 42 = -0*c + 3*c. Let x be ((-18)/(-14) - 1)*c. Let r(b) = 4*b - 28. Let h be r(9). Calculate the highest common divisor of x and h.
4
Suppose c + 15 = -5*m, 3*m - 3*c - 17 = 4*m. Let i be m/(0 - 8/(-12)) - -199. Calculate the greatest common factor of i and 28.
28
Let p be -3 + 1*30 + (-1210)/110. Calculate the highest common divisor of p and 58.
2
Suppose 624 = 11*q + q. Suppose 0 = -2*c + 28*c - q. Calculate the highest common factor of c and 62.
2
Let j(u) = -40*u + 496. Let i be j(8). Calculate the greatest common factor of i and 6952.
88
Let c(n) = 25*n - 16. Let o be c(2). Let v be ((-4)/10 + -2)/(o/(-425)). Calculate the highest common factor of v and 20.
10
Let c(z) = z**3 + 13*z**3 + 55*z**3. Let u be c(-1). Let x = 113 + u. What is the highest common factor of x and 11?
11
Let n be -16*50/2*(-7 + 5). Let w be n/18 + (-4)/9. What is the greatest common factor of 22 and w?
22
Suppose -7*j - 3*d = -10*j + 201, -4*d - 124 = -2*j. Calculate the greatest common divisor of 18 and j.
18
Let b be (-1 + 26)/(68/136). What is the greatest common factor of b and 8?
2
Let l(v) = 2*v**3 - 8*v**2 - 4*v + 23. Let s be l(4). What is the greatest common divisor of s and 11249?
7
Suppose -6*p + 86*j - 82*j + 448 = 0, -48 = -p + 4*j. What is the highest common divisor of 1005 and p?
5
Let z be 8 + -5 + ((-7)/(-1) - 3). Let r(q) = q**2 - 10*q + 23. Let h be r(z). What is t